{"id":1464,"date":"2012-11-14T14:07:12","date_gmt":"2012-11-14T13:07:12","guid":{"rendered":"http:\/\/www.esperanto.de\/bb\/?page_id=1464"},"modified":"2017-05-03T13:55:27","modified_gmt":"2017-05-03T12:55:27","slug":"esperanto-platz-neukolln","status":"publish","type":"page","link":"https:\/\/esperanto.berlin\/de\/esperanto-platz-neukolln\/","title":{"rendered":"Esperanto-Platz Neuk\u00f6lln"},"content":{"rendered":"<p>Seit 1991 gibt es einen <strong>Esperantoplatz<\/strong> im Berliner Stadtteil <a title=\"Berlin-Neuk\u00f6lln\" href=\"http:\/\/de.wikipedia.org\/wiki\/Berlin-Neuk%C3%B6lln\">Neuk\u00f6lln<\/a>. Er befindet sich an der Ecke Schudomastra\u00dfe und Braunschweiger Stra\u00dfe.<\/p>\n<p>W\u00e4hrend des Jahres 2007 wurde er mit finanzieller Unterst\u00fctzung der <a title=\"Europ\u00e4ische Union\" href=\"http:\/\/de.wikipedia.org\/wiki\/Europ%C3%A4ische_Union\">EU<\/a> neu gestaltet. Als abschlie\u00dfende Ma\u00dfnahme wurde in der Mitte des Platzes ein Mosaik eingelassen, das Bildsymbole der <a title=\"Esperanto\" href=\"http:\/\/de.wikipedia.org\/wiki\/Esperanto\">Esperanto<\/a>-Bewegung enth\u00e4lt, und es wurde eine Informationstafel zum Hintergrund der Benennung aufgestellt.<\/p>\n<p>Die Tafel, die auf dem Esperantoplatz steht, die in Esperanto und Deutsch informiert, wurde im Juni 2008 aufgestellt.<\/p>\n<p>2013 begann eine <a href=\"http:\/\/www.esperanto.de\/bb\/esperantoplatz-aufwerten\/\">Spendenaktion<\/a> der Esperanto-Liga Berlin mit dem Ziel, zur Aufwertung des Esperanto-Platzes beizutragen. Im gleichen Jahr wurde deswegen das <a href=\"http:\/\/www.esperanto.berlin\">Sommerfest des Vereins<\/a> dort durchgef\u00fchrt.<\/p>\n<p>F\u00fcr Beitr\u00e4ge zu Aktivit\u00e4ten rund um den Esperantoplatz gibt es auf diesen Seiten eine <a href=\"https:\/\/esperanto.berlin\/de\/category\/berlin\/esperantoplatz\/\">eigene Kategorie<\/a>.<\/p>\n<p><div id=\"attachment_3932\" style=\"width: 1210px\" class=\"wp-caption alignnone\"><img loading=\"lazy\" decoding=\"async\" aria-describedby=\"caption-attachment-3932\" class=\"wp-image-3932 size-full\" src=\"https:\/\/esperanto.berlin\/wp-content\/uploads\/2016\/09\/Schautafel2016-Entstehungklein.jpg\" alt=\"schautafel2016-entstehungklein\" width=\"1200\" height=\"863\" \/><p id=\"caption-attachment-3932\" class=\"wp-caption-text\">Schautafel aus der Ausstellung von Fritz Wollenberg<\/p><\/div><\/p>","protected":false},"excerpt":{"rendered":"<p>Seit 1991 gibt es einen Esperantoplatz im Berliner Stadtteil Neuk\u00f6lln. Er befindet sich an der Ecke Schudomastra\u00dfe und Braunschweiger Stra\u00dfe. W\u00e4hrend des Jahres 2007 wurde er mit finanzieller Unterst\u00fctzung der EU neu gestaltet. Als abschlie\u00dfende Ma\u00dfnahme wurde in der Mitte &hellip; <a href=\"https:\/\/esperanto.berlin\/de\/esperanto-platz-neukolln\/\">Weiterlesen <span class=\"meta-nav\">&rarr;<\/span><\/a><\/p>\n","protected":false},"author":2,"featured_media":0,"parent":0,"menu_order":3,"comment_status":"closed","ping_status":"open","template":"","meta":{"footnotes":""},"jetpack_shortlink":"https:\/\/wp.me\/Par8jA-nC","_links":{"self":[{"href":"https:\/\/esperanto.berlin\/de\/wp-json\/wp\/v2\/pages\/1464"}],"collection":[{"href":"https:\/\/esperanto.berlin\/de\/wp-json\/wp\/v2\/pages"}],"about":[{"href":"https:\/\/esperanto.berlin\/de\/wp-json\/wp\/v2\/types\/page"}],"author":[{"embeddable":true,"href":"https:\/\/esperanto.berlin\/de\/wp-json\/wp\/v2\/users\/2"}],"replies":[{"embeddable":true,"href":"https:\/\/esperanto.berlin\/de\/wp-json\/wp\/v2\/comments?post=1464"}],"version-history":[{"count":5,"href":"https:\/\/esperanto.berlin\/de\/wp-json\/wp\/v2\/pages\/1464\/revisions"}],"predecessor-version":[{"id":4798,"href":"https:\/\/esperanto.berlin\/de\/wp-json\/wp\/v2\/pages\/1464\/revisions\/4798"}],"wp:attachment":[{"href":"https:\/\/esperanto.berlin\/de\/wp-json\/wp\/v2\/media?parent=1464"}],"curies":[{"name":"wp","href":"https:\/\/api.w.org\/{rel}","templated":true}]}}

Esperanto-Platz Neukölln

<p>Seit 1991 gibt es einen <strong>Esperantoplatz</strong> im Berliner Stadtteil <a title="Berlin-Neukölln" href="http://de.wikipedia.org/wiki/Berlin-Neuk%C3%B6lln">Neukölln</a>. Er befindet sich an der Ecke Schudomastraße und Braunschweiger Straße.</p>
<p>Während des Jahres 2007 wurde er mit finanzieller Unterstützung der <a title="Europäische Union" href="http://de.wikipedia.org/wiki/Europ%C3%A4ische_Union">EU</a> neu gestaltet. Als abschließende Maßnahme wurde in der Mitte des Platzes ein Mosaik eingelassen, das Bildsymbole der <a title="Esperanto" href="http://de.wikipedia.org/wiki/Esperanto">Esperanto</a>-Bewegung enthält, und es wurde eine Informationstafel zum Hintergrund der Benennung aufgestellt.</p>
<p>Die Tafel, die auf dem Esperantoplatz steht, die in Esperanto und Deutsch informiert, wurde im Juni 2008 aufgestellt.</p>
<p>2013 begann eine <a href="http://www.esperanto.de/bb/esperantoplatz-aufwerten/">Spendenaktion</a> der Esperanto-Liga Berlin mit dem Ziel, zur Aufwertung des Esperanto-Platzes beizutragen. Im gleichen Jahr wurde deswegen das <a href="http://www.esperanto.berlin">Sommerfest des Vereins</a> dort durchgeführt.</p>
<p>Für Beiträge zu Aktivitäten rund um den Esperantoplatz gibt es auf diesen Seiten eine <a href="https://esperanto.berlin/de/category/berlin/esperantoplatz/">eigene Kategorie</a>.</p>
<p><div id="attachment_3932" style="width: 1210px" class="wp-caption alignnone"><img loading="lazy" decoding="async" aria-describedby="caption-attachment-3932" class="wp-image-3932 size-full" src="https://esperanto.berlin/wp-content/uploads/2016/09/Schautafel2016-Entstehungklein.jpg" alt="schautafel2016-entstehungklein" width="1200" height="863" /><p id="caption-attachment-3932" class="wp-caption-text">Schautafel aus der Ausstellung von Fritz Wollenberg</p></div></p>

<p>Seit 1991 gibt es einen Esperantoplatz im Berliner Stadtteil Neukölln. Er befindet sich an der Ecke Schudomastraße und Braunschweiger Straße. Während des Jahres 2007 wurde er mit finanzieller Unterstützung der EU neu gestaltet. Als abschließende Maßnahme wurde in der Mitte &hellip; <a href="https://esperanto.berlin/de/esperanto-platz-neukolln/">Weiterlesen <span class="meta-nav">&rarr;</span></a></p>
