{"id":7059,"date":"2019-05-30T14:49:13","date_gmt":"2019-05-30T13:49:13","guid":{"rendered":"https:\/\/esperanto.berlin\/?page_id=7059"},"modified":"2019-06-24T19:34:15","modified_gmt":"2019-06-24T18:34:15","slug":"max-josef-metzger-platz","status":"publish","type":"page","link":"https:\/\/esperanto.berlin\/de\/max-josef-metzger\/max-josef-metzger-platz\/","title":{"rendered":"Max-Josef-Metzger-Platz"},"content":{"rendered":"<p><a href=\"https:\/\/esperanto.berlin\/max-josef-metzger-placo-preta\/\"><img loading=\"lazy\" decoding=\"async\" class=\" wp-image-6888 alignright\" src=\"https:\/\/esperanto.berlin\/wp-content\/uploads\/2019\/04\/MJM-Platz-2019-Apil-06-1.jpg\" alt=\"\" width=\"263\" height=\"399\" \/><\/a>Platz in Berlin-Wedding, der nach dem Priester Max Josef Metzger (Pazifist, Esperantist, Vork\u00e4mpfer der \u00d6kumene) benannt wurde.<\/p>\n<p>Nach mehrj\u00e4hrigen Umbauarbeiten wurde der Platz am 6. Juni 2019 offiziell er\u00f6ffnet. Schon vorher war er von den Anwohnern inoffiziell genutzt worden.<\/p>\n<h2>Biografie Max Josef Metzger<\/h2>\n<ul>\n<li><a class=\"external text\" href=\"http:\/\/www.gdw-berlin.de\/vertiefung\/biografien\/personenverzeichnis\/biografie\/view-bio\/max-josef-metzger\/\" rel=\"nofollow\">Kurzbiografie<\/a> der <a title=\"Gedenkst\u00e4tte Deutscher Widerstand\" href=\"https:\/\/de.wikipedia.org\/wiki\/Gedenkst%C3%A4tte_Deutscher_Widerstand\">Gedenkst\u00e4tte Deutscher Widerstand<\/a><\/li>\n<li><a class=\"external text\" href=\"http:\/\/www.max-josef-metzger-meitingen.de\/\" rel=\"nofollow\">Meitinger Website \u00fcber Max Josef Metzger.<\/a> Gertraud Ro\u00dfmann (Christk\u00f6nigs-Institut, Meitingen)<\/li>\n<li><span class=\"cite\"><a title=\"Ulrich Lins\" href=\"https:\/\/de.wikipedia.org\/wiki\/Ulrich_Lins\">Ulrich Lins<\/a>: <a href=\"https:\/\/esperanto.berlin\/metzger-kontakto-lins-mickle\/\"><i>Max Josef Metzger und Esperanto.<\/i><\/a> (urspr\u00fcnglich in: <i><a class=\"new\" title=\"Kontakto (Seite nicht vorhanden)\" href=\"https:\/\/de.wikipedia.org\/w\/index.php?title=Kontakto&amp;action=edit&amp;redlink=1\">Kontakto<\/a>.<\/i>Juni 1971. \u00dcbersetzt und online gestellt 2001 von Gary Mickle).<\/span><\/li>\n<\/ul>\n<p>Wikipedia <a href=\"https:\/\/de.wikipedia.org\/wiki\/Max_Josef_Metzger\">DE <\/a>| <a href=\"https:\/\/eo.wikipedia.org\/wiki\/Max_Josef_Metzger\">EO<\/a> | <a href=\"https:\/\/en.wikipedia.org\/wiki\/Max_Josef_Metzger\">EN<\/a> | <a href=\"https:\/\/fr.wikipedia.org\/wiki\/Max_Josef_Metzger\">FR<\/a> |<\/p>\n<p>&nbsp;<\/p>\n<p>&nbsp;<\/p>","protected":false},"excerpt":{"rendered":"<p>Platz in Berlin-Wedding, der nach dem Priester Max Josef Metzger (Pazifist, Esperantist, Vork\u00e4mpfer der \u00d6kumene) benannt wurde. Nach mehrj\u00e4hrigen Umbauarbeiten wurde der Platz am 6. Juni 2019 offiziell er\u00f6ffnet. Schon vorher war er von den Anwohnern inoffiziell genutzt worden. Biografie &hellip; <a href=\"https:\/\/esperanto.berlin\/de\/max-josef-metzger\/max-josef-metzger-platz\/\">Weiterlesen <span class=\"meta-nav\">&rarr;<\/span><\/a><\/p>\n","protected":false},"author":8,"featured_media":0,"parent":7227,"menu_order":0,"comment_status":"closed","ping_status":"closed","template":"","meta":{"footnotes":""},"jetpack_shortlink":"https:\/\/wp.me\/Par8jA-1PR","_links":{"self":[{"href":"https:\/\/esperanto.berlin\/de\/wp-json\/wp\/v2\/pages\/7059"}],"collection":[{"href":"https:\/\/esperanto.berlin\/de\/wp-json\/wp\/v2\/pages"}],"about":[{"href":"https:\/\/esperanto.berlin\/de\/wp-json\/wp\/v2\/types\/page"}],"author":[{"embeddable":true,"href":"https:\/\/esperanto.berlin\/de\/wp-json\/wp\/v2\/users\/8"}],"replies":[{"embeddable":true,"href":"https:\/\/esperanto.berlin\/de\/wp-json\/wp\/v2\/comments?post=7059"}],"version-history":[{"count":3,"href":"https:\/\/esperanto.berlin\/de\/wp-json\/wp\/v2\/pages\/7059\/revisions"}],"predecessor-version":[{"id":7065,"href":"https:\/\/esperanto.berlin\/de\/wp-json\/wp\/v2\/pages\/7059\/revisions\/7065"}],"up":[{"embeddable":true,"href":"https:\/\/esperanto.berlin\/de\/wp-json\/wp\/v2\/pages\/7227"}],"wp:attachment":[{"href":"https:\/\/esperanto.berlin\/de\/wp-json\/wp\/v2\/media?parent=7059"}],"curies":[{"name":"wp","href":"https:\/\/api.w.org\/{rel}","templated":true}]}}

<p><a href="https://esperanto.berlin/max-josef-metzger-placo-preta/"><img loading="lazy" decoding="async" class=" wp-image-6888 alignright" src="https://esperanto.berlin/wp-content/uploads/2019/04/MJM-Platz-2019-Apil-06-1.jpg" alt="" width="263" height="399" /></a>Platz in Berlin-Wedding, der nach dem Priester Max Josef Metzger (Pazifist, Esperantist, Vorkämpfer der Ökumene) benannt wurde.</p>
<p>Nach mehrjährigen Umbauarbeiten wurde der Platz am 6. Juni 2019 offiziell eröffnet. Schon vorher war er von den Anwohnern inoffiziell genutzt worden.</p>
<h2>Biografie Max Josef Metzger</h2>
<ul>
<li><a class="external text" href="http://www.gdw-berlin.de/vertiefung/biografien/personenverzeichnis/biografie/view-bio/max-josef-metzger/" rel="nofollow">Kurzbiografie</a> der <a title="Gedenkstätte Deutscher Widerstand" href="https://de.wikipedia.org/wiki/Gedenkst%C3%A4tte_Deutscher_Widerstand">Gedenkstätte Deutscher Widerstand</a></li>
<li><a class="external text" href="http://www.max-josef-metzger-meitingen.de/" rel="nofollow">Meitinger Website über Max Josef Metzger.</a> Gertraud Roßmann (Christkönigs-Institut, Meitingen)</li>
<li><span class="cite"><a title="Ulrich Lins" href="https://de.wikipedia.org/wiki/Ulrich_Lins">Ulrich Lins</a>: <a href="https://esperanto.berlin/metzger-kontakto-lins-mickle/"><i>Max Josef Metzger und Esperanto.</i></a> (ursprünglich in: <i><a class="new" title="Kontakto (Seite nicht vorhanden)" href="https://de.wikipedia.org/w/index.php?title=Kontakto&amp;action=edit&amp;redlink=1">Kontakto</a>.</i>Juni 1971. Übersetzt und online gestellt 2001 von Gary Mickle).</span></li>
</ul>
<p>Wikipedia <a href="https://de.wikipedia.org/wiki/Max_Josef_Metzger">DE </a>| <a href="https://eo.wikipedia.org/wiki/Max_Josef_Metzger">EO</a> | <a href="https://en.wikipedia.org/wiki/Max_Josef_Metzger">EN</a> | <a href="https://fr.wikipedia.org/wiki/Max_Josef_Metzger">FR</a> |</p>
<p>&nbsp;</p>
<p>&nbsp;</p>

<p>Platz in Berlin-Wedding, der nach dem Priester Max Josef Metzger (Pazifist, Esperantist, Vorkämpfer der Ökumene) benannt wurde. Nach mehrjährigen Umbauarbeiten wurde der Platz am 6. Juni 2019 offiziell eröffnet. Schon vorher war er von den Anwohnern inoffiziell genutzt worden. Biografie &hellip; <a href="https://esperanto.berlin/de/max-josef-metzger/max-josef-metzger-platz/">Weiterlesen <span class="meta-nav">&rarr;</span></a></p>
