{"id":7224,"date":"2019-06-24T19:27:49","date_gmt":"2019-06-24T18:27:49","guid":{"rendered":"https:\/\/esperanto.berlin\/?page_id=7224"},"modified":"2019-06-26T14:08:31","modified_gmt":"2019-06-26T13:08:31","slug":"mudrak-pri-metzger","status":"publish","type":"page","link":"https:\/\/esperanto.berlin\/de\/max-josef-metzger\/mudrak-pri-metzger\/","title":{"rendered":"Mudrak \u00fcber Metzger"},"content":{"rendered":"<p>Es gibt einen Vortrag von Walter Mudrak \u00fcber Metzger. Eine gek\u00fcrzte Fassung wurde in der Zeitschrift &#8230;..<\/p>\n<p>Der vollst\u00e4ndige Vortrag mit einigen pers\u00f6nlichen Erinnerungen an Begegnungen mit Metzger wurden als 24-seitige Brosch\u00fcre 1987 im Armin Gmeiner Verlag ver\u00f6ffentlicht. Darin enthalten war der\u00a0 Reprint einer Ausgabe der Zeitung \u00bbKatolika Mondo\u00ab<\/p>\n<h3 id=\"walter-mudrak-biografie-\"><span class=\"tlid-translation translation\" lang=\"de\">Walter Mudrak Biografie <\/span><\/h3>\n<p>Die Biografie auf Esperanto in <a href=\"https:\/\/eo.wikipedia.org\/wiki\/Walter_Karl_Mudrak\">Wikipedia.eo<\/a> enth\u00e4lt nur wenig mehr Angaben als die Version, die in der Brosch\u00fcre abgedruckt wurde. Lediglich der Hinweis \u00bbsekretario kaj <a class=\"new\" title=\"Afergvidanto (pa\u011do ne ekzistas)\" href=\"https:\/\/eo.wikipedia.org\/w\/index.php?title=Afergvidanto&amp;action=edit&amp;redlink=1\">afergvidanto<\/a> de <a class=\"new\" title=\"Internacia Esperanto Laborkomunumo (pa\u011do ne ekzistas)\" href=\"https:\/\/eo.wikipedia.org\/w\/index.php?title=Internacia_Esperanto_Laborkomunumo&amp;action=edit&amp;redlink=1\">Internacia Esperanto Laborkomunumo<\/a> por \u201e<a title=\"Senalkohola kulturo\" href=\"https:\/\/eo.wikipedia.org\/wiki\/Senalkohola_kulturo\">senalkohola kulturo<\/a>\u201c kaj por \u201e<a title=\"Sentabaka kulturo\" href=\"https:\/\/eo.wikipedia.org\/wiki\/Sentabaka_kulturo\">sentabaka kulturo<\/a>\u201c, estrarano de <a class=\"mw-disambig\" title=\"AEA\" href=\"https:\/\/eo.wikipedia.org\/wiki\/AEA\">AEA\u00ab <\/a>\u00a0gibt einen interessante \u00dcbereinstimmung mit dem Alkoholgegner Metzger.<\/p>\n<p>Sein Nachlass ist in der <a href=\"https:\/\/www.onb.ac.at\/bibliothek\/sammlungen\/plansprachen\/bestaende\/bestandsrecherche\/vorlaesse-und-nachlaesse\/walter-mudrak\/\">\u00d6sterreichischen Nationalbibliothek, Sammlung Plansprachen<\/a> (72 Archivk\u00e4sten).<\/p>\n<p>&nbsp;<\/p>\n<p><span class=\"tlid-translation translation\" lang=\"de\">geboren 24.03.1904 in Wien, \u00d6sterreich. Bankmanager Die Handelsakademie bestreitet diese Reifepr\u00fcfung (Abitur). Die Zusammenarbeit in der katholischen Friedens und Sozialbewegung und in der katholischen Schriftsteller Gesellschaft \u201eWinfried\u201c .<\/span><\/p>\n<p><span class=\"tlid-translation translation\" lang=\"de\">1941-1945 zum Wehrdienst gezwungen &#8211; in erster Linie als Schreiber, eingeschr\u00e4nkt tauglich f\u00fcr den Dienst aufgrund der Gesundheit (in Berlin, Husum und B\u00f6hmen dann von dem Nacional-socilisma besetzt Armee). <\/span><\/p>\n<p><span class=\"tlid-translation translation\" lang=\"de\">Nach der R\u00fcckkehr nach Hause 1945 (September) wieder in die Bank (Abteilung f\u00fcr den &#8220;Marshall-Plan&#8221;) Rente 1967; desto mehr Hingabe f\u00fcr Esperanto und Frieden. <\/span><\/p>\n<p><span class=\"tlid-translation translation\" lang=\"de\">Esperantisiert 1921 aufgrund der nachgewiesenen Tendenzen von Esperanto. <\/span><\/p>\n<p><span class=\"tlid-translation translation\" lang=\"de\">Eroberung mit Dr. Metzger, damals in Graz, an Ostern 1923; Der Verband der Katholischen Liga (IKUE), die Organisation der Europ\u00e4ischen Union und die UEA.<\/span><\/p>\n<p><span class=\"tlid-translation translation\" lang=\"de\">1925 Staatliche Pr\u00fcfung der Kenntnisse (Sprachkenntnisse) von Esperanto. <\/span><\/p>\n<p><span class=\"tlid-translation translation\" lang=\"de\">1958 Organisation des 27.en IKUE- Kongresses in Wien (in Verbindung mit ina\u016d- Figur des Denkmals Zamenhof in Wien auf Anregung von kort.kons. Hugo Steiner) <\/span><\/p>\n<p><span class=\"tlid-translation translation\" lang=\"de\">1970 Mitglied (Vizepr\u00e4sident) der LLK der 55. World Congress in Vieno.Gvidis Anzahl der Esperanto-Kurse, insbesondere nach 1945. Stellvertretender Vorsitzender der \u00d6sterreichischen Katholischen Liga f\u00fcr Esperanto (AKLE); Von 1967 bis 1978 auch Mitglied der \u00d6sterreichischen Esperantisten-F\u00f6deration (AEF). 1970 Auszeichnung mit dem Goldenen Verdienstzeichen.<\/span><\/p>","protected":false},"excerpt":{"rendered":"<p>Es gibt einen Vortrag von Walter Mudrak \u00fcber Metzger. Eine gek\u00fcrzte Fassung wurde in der Zeitschrift &#8230;.. Der vollst\u00e4ndige Vortrag mit einigen pers\u00f6nlichen Erinnerungen an Begegnungen mit Metzger wurden als 24-seitige Brosch\u00fcre 1987 im Armin Gmeiner Verlag ver\u00f6ffentlicht. Darin enthalten &hellip; <a href=\"https:\/\/esperanto.berlin\/de\/max-josef-metzger\/mudrak-pri-metzger\/\">Weiterlesen <span class=\"meta-nav\">&rarr;<\/span><\/a><\/p>\n","protected":false},"author":8,"featured_media":0,"parent":7227,"menu_order":0,"comment_status":"closed","ping_status":"closed","template":"","meta":{"footnotes":""},"jetpack_shortlink":"https:\/\/wp.me\/Par8jA-1Sw","_links":{"self":[{"href":"https:\/\/esperanto.berlin\/de\/wp-json\/wp\/v2\/pages\/7224"}],"collection":[{"href":"https:\/\/esperanto.berlin\/de\/wp-json\/wp\/v2\/pages"}],"about":[{"href":"https:\/\/esperanto.berlin\/de\/wp-json\/wp\/v2\/types\/page"}],"author":[{"embeddable":true,"href":"https:\/\/esperanto.berlin\/de\/wp-json\/wp\/v2\/users\/8"}],"replies":[{"embeddable":true,"href":"https:\/\/esperanto.berlin\/de\/wp-json\/wp\/v2\/comments?post=7224"}],"version-history":[{"count":6,"href":"https:\/\/esperanto.berlin\/de\/wp-json\/wp\/v2\/pages\/7224\/revisions"}],"predecessor-version":[{"id":7237,"href":"https:\/\/esperanto.berlin\/de\/wp-json\/wp\/v2\/pages\/7224\/revisions\/7237"}],"up":[{"embeddable":true,"href":"https:\/\/esperanto.berlin\/de\/wp-json\/wp\/v2\/pages\/7227"}],"wp:attachment":[{"href":"https:\/\/esperanto.berlin\/de\/wp-json\/wp\/v2\/media?parent=7224"}],"curies":[{"name":"wp","href":"https:\/\/api.w.org\/{rel}","templated":true}]}}

Mudrak über Metzger

<p>Es gibt einen Vortrag von Walter Mudrak über Metzger. Eine gekürzte Fassung wurde in der Zeitschrift &#8230;..</p>
<p>Der vollständige Vortrag mit einigen persönlichen Erinnerungen an Begegnungen mit Metzger wurden als 24-seitige Broschüre 1987 im Armin Gmeiner Verlag veröffentlicht. Darin enthalten war der  Reprint einer Ausgabe der Zeitung »Katolika Mondo«</p>
<h3 id="walter-mudrak-biografie-"><span class="tlid-translation translation" lang="de">Walter Mudrak Biografie </span></h3>
<p>Die Biografie auf Esperanto in <a href="https://eo.wikipedia.org/wiki/Walter_Karl_Mudrak">Wikipedia.eo</a> enthält nur wenig mehr Angaben als die Version, die in der Broschüre abgedruckt wurde. Lediglich der Hinweis »sekretario kaj <a class="new" title="Afergvidanto (paĝo ne ekzistas)" href="https://eo.wikipedia.org/w/index.php?title=Afergvidanto&amp;action=edit&amp;redlink=1">afergvidanto</a> de <a class="new" title="Internacia Esperanto Laborkomunumo (paĝo ne ekzistas)" href="https://eo.wikipedia.org/w/index.php?title=Internacia_Esperanto_Laborkomunumo&amp;action=edit&amp;redlink=1">Internacia Esperanto Laborkomunumo</a> por „<a title="Senalkohola kulturo" href="https://eo.wikipedia.org/wiki/Senalkohola_kulturo">senalkohola kulturo</a>“ kaj por „<a title="Sentabaka kulturo" href="https://eo.wikipedia.org/wiki/Sentabaka_kulturo">sentabaka kulturo</a>“, estrarano de <a class="mw-disambig" title="AEA" href="https://eo.wikipedia.org/wiki/AEA">AEA« </a> gibt einen interessante Übereinstimmung mit dem Alkoholgegner Metzger.</p>
<p>Sein Nachlass ist in der <a href="https://www.onb.ac.at/bibliothek/sammlungen/plansprachen/bestaende/bestandsrecherche/vorlaesse-und-nachlaesse/walter-mudrak/">Österreichischen Nationalbibliothek, Sammlung Plansprachen</a> (72 Archivkästen).</p>
<p>&nbsp;</p>
<p><span class="tlid-translation translation" lang="de">geboren 24.03.1904 in Wien, Österreich. Bankmanager Die Handelsakademie bestreitet diese Reifeprüfung (Abitur). Die Zusammenarbeit in der katholischen Friedens und Sozialbewegung und in der katholischen Schriftsteller Gesellschaft „Winfried“ .</span></p>
<p><span class="tlid-translation translation" lang="de">1941-1945 zum Wehrdienst gezwungen &#8211; in erster Linie als Schreiber, eingeschränkt tauglich für den Dienst aufgrund der Gesundheit (in Berlin, Husum und Böhmen dann von dem Nacional-socilisma besetzt Armee). </span></p>
<p><span class="tlid-translation translation" lang="de">Nach der Rückkehr nach Hause 1945 (September) wieder in die Bank (Abteilung für den &#8220;Marshall-Plan&#8221;) Rente 1967; desto mehr Hingabe für Esperanto und Frieden. </span></p>
<p><span class="tlid-translation translation" lang="de">Esperantisiert 1921 aufgrund der nachgewiesenen Tendenzen von Esperanto. </span></p>
<p><span class="tlid-translation translation" lang="de">Eroberung mit Dr. Metzger, damals in Graz, an Ostern 1923; Der Verband der Katholischen Liga (IKUE), die Organisation der Europäischen Union und die UEA.</span></p>
<p><span class="tlid-translation translation" lang="de">1925 Staatliche Prüfung der Kenntnisse (Sprachkenntnisse) von Esperanto. </span></p>
<p><span class="tlid-translation translation" lang="de">1958 Organisation des 27.en IKUE- Kongresses in Wien (in Verbindung mit inaŭ- Figur des Denkmals Zamenhof in Wien auf Anregung von kort.kons. Hugo Steiner) </span></p>
<p><span class="tlid-translation translation" lang="de">1970 Mitglied (Vizepräsident) der LLK der 55. World Congress in Vieno.Gvidis Anzahl der Esperanto-Kurse, insbesondere nach 1945. Stellvertretender Vorsitzender der Österreichischen Katholischen Liga für Esperanto (AKLE); Von 1967 bis 1978 auch Mitglied der Österreichischen Esperantisten-Föderation (AEF). 1970 Auszeichnung mit dem Goldenen Verdienstzeichen.</span></p>

<p>Es gibt einen Vortrag von Walter Mudrak über Metzger. Eine gekürzte Fassung wurde in der Zeitschrift &#8230;.. Der vollständige Vortrag mit einigen persönlichen Erinnerungen an Begegnungen mit Metzger wurden als 24-seitige Broschüre 1987 im Armin Gmeiner Verlag veröffentlicht. Darin enthalten &hellip; <a href="https://esperanto.berlin/de/max-josef-metzger/mudrak-pri-metzger/">Weiterlesen <span class="meta-nav">&rarr;</span></a></p>
