{"id":7415,"date":"2019-09-10T19:45:47","date_gmt":"2019-09-10T18:45:47","guid":{"rendered":"https:\/\/esperanto.berlin\/?page_id=7415"},"modified":"2019-09-10T19:45:47","modified_gmt":"2019-09-10T18:45:47","slug":"lunde-ce-viktoriaparko","status":"publish","type":"page","link":"https:\/\/esperanto.berlin\/de\/grupoj\/lunde-ce-viktoriaparko\/","title":{"rendered":"Montags  am  Viktoriapark"},"content":{"rendered":"<p><span style=\"font-family: comic sans ms, sans-serif; font-size: 18pt;\"><img loading=\"lazy\" decoding=\"async\" class=\" wp-image-7416 alignright\" src=\"https:\/\/esperanto.berlin\/wp-content\/uploads\/2019\/09\/Viktoriapark-2017-k.jpg\" alt=\"\" width=\"227\" height=\"178\" \/><\/span><\/p>\n<p>Esperanto-Kulturabende am <a href=\"https:\/\/de.wikipedia.org\/wiki\/Viktoriapark\">Viktoriapark<\/a><\/p>\n<p>an jedem ersten Montag im Monat<\/p>\n<p>um 19.30 Uhr im Esperanto-Laden<\/p>\n<p>&nbsp;<\/p>\n<p><strong>Der <a href=\"https:\/\/www.esperanto.de\/de\/enhavo\/der-esperanto-laden-berlin\">Esperanto-Laden<\/a> in der Katzbachstra\u00dfe 25 (<a href=\"https:\/\/de.wikipedia.org\/wiki\/Berlin-Kreuzberg\">Kreuzberg<\/a>) ist ab 7. Oktober 2019 an jedem ersten Montag im Monat um 19.30 Uhr Treffpunkt der Esperanto-Kulturabende am Viktoriapark.<\/strong><\/p>\n<div id=\"attachment_7417\" style=\"width: 286px\" class=\"wp-caption alignright\"><img loading=\"lazy\" decoding=\"async\" aria-describedby=\"caption-attachment-7417\" class=\" wp-image-7417\" src=\"https:\/\/esperanto.berlin\/wp-content\/uploads\/2019\/09\/Esperanto-Laden-Katzbachstr-25-k.jpg\" alt=\"\" width=\"276\" height=\"398\" \/><p id=\"caption-attachment-7417\" class=\"wp-caption-text\">Esperanto-Laden Katzbachstra\u00dfe 25<\/p><\/div>\n<p>Hier befindet sich seit 2015 die Gesch\u00e4fts- und Informationsstelle des <a href=\"https:\/\/www.esperanto.de\/de\/enhavo\/gea\/deutscher-esperanto-bund-e-v\">Deutschen Esperanto-Bundes<\/a> und der <a href=\"https:\/\/www.esperanto.de\/de\/enhavo\/gej\/deutsche-esperanto-jugend-e-v\">Deutschen Esperanto-Jugend<\/a>.<\/p>\n<p>Ab Herbst 2019 wird die Bibliothek der <a href=\"https:\/\/esperanto.berlin\/de\/verein\/geschichte\/\">Esperanto-Liga Berlin-Brandenburg<\/a> hier zug\u00e4nglich sein, und die <a href=\"https:\/\/esperanto.berlin\/de\/grupoj\/donnerstagsrunde\/\">Donnerstagsrunde<\/a> (bisher in <a href=\"https:\/\/de.wikipedia.org\/wiki\/Berlin-Charlottenburg\">Charlottenburg<\/a> bei Gerd Bussing) wird sich hier treffen.<\/p>\n<p><strong>\u201eMontags am Viktoriapark\u201c wird die bisher in der <a href=\"https:\/\/esperanto.berlin\/de\/grupoj\/danziger-50\/\">danziger50<\/a> veranstalteten Themenabende fortf\u00fchren. \u00a0\u00a0<\/strong><\/p>\n<p>Die Kreuzberger Katzbachstra\u00dfe grenzt unmittelbar an den Viktoriapark und das <a href=\"https:\/\/de.wikipedia.org\/wiki\/Willy-Kressmann-Stadion\">Willy-Kressmann-Stadion<\/a>.<\/p>\n<p><strong>Verkehrsverbindungen: <\/strong><strong>U6, Buslinie 248 <a href=\"https:\/\/de.wikipedia.org\/wiki\/Platz_der_Luftbr%C3%BCcke\">Platz der Luftbr\u00fccke<\/a><\/strong><\/p>\n<p><strong>Buslinien 104 und 140 Dudenstra\u00dfe\/Katzbachstra\u00dfe<\/strong><\/p>\n<p>Kreuzberger Esperanto-Traditionen f\u00fchren zur\u00fcck in die Anf\u00e4nge des Esperanto in Berlin. In der Prinzenstra\u00dfe 95 befanden sich Druckerei und Verlag M\u00f6ller &amp; Borel. Hier wurde die erste Berliner Esperantisten-Gruppe gegr\u00fcndet. Sp\u00e4ter befand sich der Verlag in der Lindenstra\u00dfe 18-19. Die Villa Kreuzberg am Viktoriapark war in den 80-er und 90-er Jahren ein wichtiger Treffpunkt von Esperanto-Sprechern.<\/p>\n<p>Themen der Veranstaltungsserie <strong>Montags \u00a0am \u00a0Viktoriapark:<\/strong><\/p>\n<p>&nbsp;<\/p>","protected":false},"excerpt":{"rendered":"<p>Esperanto-Kulturabende am Viktoriapark an jedem ersten Montag im Monat um 19.30 Uhr im Esperanto-Laden &nbsp; Der Esperanto-Laden in der Katzbachstra\u00dfe 25 (Kreuzberg) ist ab 7. Oktober 2019 an jedem ersten Montag im Monat um 19.30 Uhr Treffpunkt der Esperanto-Kulturabende am &hellip; <a href=\"https:\/\/esperanto.berlin\/de\/grupoj\/lunde-ce-viktoriaparko\/\">Weiterlesen <span class=\"meta-nav\">&rarr;<\/span><\/a><\/p>\n","protected":false},"author":3,"featured_media":0,"parent":11,"menu_order":0,"comment_status":"closed","ping_status":"closed","template":"","meta":{"footnotes":""},"jetpack_shortlink":"https:\/\/wp.me\/Par8jA-1VB","_links":{"self":[{"href":"https:\/\/esperanto.berlin\/de\/wp-json\/wp\/v2\/pages\/7415"}],"collection":[{"href":"https:\/\/esperanto.berlin\/de\/wp-json\/wp\/v2\/pages"}],"about":[{"href":"https:\/\/esperanto.berlin\/de\/wp-json\/wp\/v2\/types\/page"}],"author":[{"embeddable":true,"href":"https:\/\/esperanto.berlin\/de\/wp-json\/wp\/v2\/users\/3"}],"replies":[{"embeddable":true,"href":"https:\/\/esperanto.berlin\/de\/wp-json\/wp\/v2\/comments?post=7415"}],"version-history":[{"count":3,"href":"https:\/\/esperanto.berlin\/de\/wp-json\/wp\/v2\/pages\/7415\/revisions"}],"predecessor-version":[{"id":7420,"href":"https:\/\/esperanto.berlin\/de\/wp-json\/wp\/v2\/pages\/7415\/revisions\/7420"}],"up":[{"embeddable":true,"href":"https:\/\/esperanto.berlin\/de\/wp-json\/wp\/v2\/pages\/11"}],"wp:attachment":[{"href":"https:\/\/esperanto.berlin\/de\/wp-json\/wp\/v2\/media?parent=7415"}],"curies":[{"name":"wp","href":"https:\/\/api.w.org\/{rel}","templated":true}]}}

<p><span style="font-family: comic sans ms, sans-serif; font-size: 18pt;"><img loading="lazy" decoding="async" class=" wp-image-7416 alignright" src="https://esperanto.berlin/wp-content/uploads/2019/09/Viktoriapark-2017-k.jpg" alt="" width="227" height="178" /></span></p>
<p>Esperanto-Kulturabende am <a href="https://de.wikipedia.org/wiki/Viktoriapark">Viktoriapark</a></p>
<p>an jedem ersten Montag im Monat</p>
<p>um 19.30 Uhr im Esperanto-Laden</p>
<p>&nbsp;</p>
<p><strong>Der <a href="https://www.esperanto.de/de/enhavo/der-esperanto-laden-berlin">Esperanto-Laden</a> in der Katzbachstraße 25 (<a href="https://de.wikipedia.org/wiki/Berlin-Kreuzberg">Kreuzberg</a>) ist ab 7. Oktober 2019 an jedem ersten Montag im Monat um 19.30 Uhr Treffpunkt der Esperanto-Kulturabende am Viktoriapark.</strong></p>
<div id="attachment_7417" style="width: 286px" class="wp-caption alignright"><img loading="lazy" decoding="async" aria-describedby="caption-attachment-7417" class=" wp-image-7417" src="https://esperanto.berlin/wp-content/uploads/2019/09/Esperanto-Laden-Katzbachstr-25-k.jpg" alt="" width="276" height="398" /><p id="caption-attachment-7417" class="wp-caption-text">Esperanto-Laden Katzbachstraße 25</p></div>
<p>Hier befindet sich seit 2015 die Geschäfts- und Informationsstelle des <a href="https://www.esperanto.de/de/enhavo/gea/deutscher-esperanto-bund-e-v">Deutschen Esperanto-Bundes</a> und der <a href="https://www.esperanto.de/de/enhavo/gej/deutsche-esperanto-jugend-e-v">Deutschen Esperanto-Jugend</a>.</p>
<p>Ab Herbst 2019 wird die Bibliothek der <a href="https://esperanto.berlin/de/verein/geschichte/">Esperanto-Liga Berlin-Brandenburg</a> hier zugänglich sein, und die <a href="https://esperanto.berlin/de/grupoj/donnerstagsrunde/">Donnerstagsrunde</a> (bisher in <a href="https://de.wikipedia.org/wiki/Berlin-Charlottenburg">Charlottenburg</a> bei Gerd Bussing) wird sich hier treffen.</p>
<p><strong>„Montags am Viktoriapark“ wird die bisher in der <a href="https://esperanto.berlin/de/grupoj/danziger-50/">danziger50</a> veranstalteten Themenabende fortführen.   </strong></p>
<p>Die Kreuzberger Katzbachstraße grenzt unmittelbar an den Viktoriapark und das <a href="https://de.wikipedia.org/wiki/Willy-Kressmann-Stadion">Willy-Kressmann-Stadion</a>.</p>
<p><strong>Verkehrsverbindungen: </strong><strong>U6, Buslinie 248 <a href="https://de.wikipedia.org/wiki/Platz_der_Luftbr%C3%BCcke">Platz der Luftbrücke</a></strong></p>
<p><strong>Buslinien 104 und 140 Dudenstraße/Katzbachstraße</strong></p>
<p>Kreuzberger Esperanto-Traditionen führen zurück in die Anfänge des Esperanto in Berlin. In der Prinzenstraße 95 befanden sich Druckerei und Verlag Möller &amp; Borel. Hier wurde die erste Berliner Esperantisten-Gruppe gegründet. Später befand sich der Verlag in der Lindenstraße 18-19. Die Villa Kreuzberg am Viktoriapark war in den 80-er und 90-er Jahren ein wichtiger Treffpunkt von Esperanto-Sprechern.</p>
<p>Themen der Veranstaltungsserie <strong>Montags  am  Viktoriapark:</strong></p>
<p>&nbsp;</p>

<p>Esperanto-Kulturabende am Viktoriapark an jedem ersten Montag im Monat um 19.30 Uhr im Esperanto-Laden &nbsp; Der Esperanto-Laden in der Katzbachstraße 25 (Kreuzberg) ist ab 7. Oktober 2019 an jedem ersten Montag im Monat um 19.30 Uhr Treffpunkt der Esperanto-Kulturabende am &hellip; <a href="https://esperanto.berlin/de/grupoj/lunde-ce-viktoriaparko/">Weiterlesen <span class="meta-nav">&rarr;</span></a></p>
