{"id":8542,"date":"2020-11-06T17:14:21","date_gmt":"2020-11-06T16:14:21","guid":{"rendered":"https:\/\/esperanto.berlin\/?page_id=8542"},"modified":"2020-11-22T11:51:15","modified_gmt":"2020-11-22T10:51:15","slug":"z-fest-2020-programo","status":"publish","type":"page","link":"https:\/\/esperanto.berlin\/de\/z-festo-2020\/z-fest-2020-programo\/","title":{"rendered":"Zamenhof-Fest 2020 Programm"},"content":{"rendered":"<p>Endg\u00fcltiges Programm<\/p>\n<ul>\n<li>Kommt noch&#8230;&#8230;&#8230;&#8230;..<\/li>\n<\/ul>\n<p>Vorschl\u00e4ge<\/p>\n<ul>\n<li><a href=\"https:\/\/esperanto.berlin\/deutsch-einladung-zur-jahreshauptversammlung-2020-in-berlin\/\">Jahreshauptversammlung<\/a> 2020 &#8211; <a href=\"https:\/\/esperanto.berlin\/protokoll-jhv-2020\/\">Protokoll<\/a><\/li>\n<li>Wahrnehmung von esperanto.berlin<\/li>\n<li>Peter K\u00fchnel in Gresillon<\/li>\n<li>Virtuelle Kongresse im Esperanto-Laden (<a href=\"https:\/\/esperanto.berlin\/deutsch-presse-aktuell\/presse-2020-virtuell-und-real\/\">UK<\/a>, <a href=\"https:\/\/esperanto.berlin\/interlingvistiko-senpage-en-poznan\/\">Interlinguistik Poznan<\/a>)<\/li>\n<li>Das Buch von Setz mit <a href=\"https:\/\/esperanto.berlin\/eroschenko-berlin\/\">Eroschenko in Berlin<\/a><\/li>\n<li>Das Buch von Gabriel Berger mit <a href=\"https:\/\/esperanto.berlin\/zamenhof-kiel-kuracisto\/\">Zamenhof als Augenarzt<\/a><\/li>\n<li>Die Erw\u00e4hnung des Ex-Berliners <a href=\"https:\/\/esperanto.berlin\/new-york-und-virus\/\">Becker in New York <\/a><\/li>\n<li>Die biografische Arbeit von Fritz Wollenberg (Vortrag\u00a0 bei GIL) in Wikipedia<\/li>\n<li>Hans Moser (Gruppe, <a href=\"https:\/\/esperanto.berlin\/moser-volapuk\/\">Hotel Volap\u00fck<\/a>, Adventsfeier)<\/li>\n<li>Lesung von Raymond Schwartz (<a href=\"https:\/\/esperanto.berlin\/schwartz-fundamentaj-elementoj\/\">Fundamentaj elementoj<\/a>)<\/li>\n<li>Das neue Buch von Prof. Feierstein<\/li>\n<li>Neuerscheinungen 2020 auf dem Esperanto-Buchmarkt<\/li>\n<li>Dramatische Entwicklungen bei UEA<\/li>\n<li>Gary \u00fcber SAT (Aktivit\u00e4t, Kongress)<\/li>\n<li>Lichtblick 2020<\/li>\n<li>Plenbusxe 2020<\/li>\n<li>Lu? EsperantoLand?<\/li>\n<li>Zamenhof-Fr\u00fchst\u00fcck ?<\/li>\n<\/ul>\n<p>Flops<\/p>\n<ul>\n<li>Anf\u00e4ngerkurs <a href=\"https:\/\/esperanto.berlin\/kurs-vh-ffo2019\/\">VHS Frankfurt Oder<\/a><\/li>\n<li>Expolingua 2020<\/li>\n<li>GIL Tagung 2020<\/li>\n<li>Arkones<\/li>\n<\/ul>\n<p>&nbsp;<\/p>\n<p>&nbsp;<\/p>","protected":false},"excerpt":{"rendered":"<p>Endg\u00fcltiges Programm Kommt noch&#8230;&#8230;&#8230;&#8230;.. Vorschl\u00e4ge Jahreshauptversammlung 2020 &#8211; Protokoll Wahrnehmung von esperanto.berlin Peter K\u00fchnel in Gresillon Virtuelle Kongresse im Esperanto-Laden (UK, Interlinguistik Poznan) Das Buch von Setz mit Eroschenko in Berlin Das Buch von Gabriel Berger mit Zamenhof als Augenarzt &hellip; <a href=\"https:\/\/esperanto.berlin\/de\/z-festo-2020\/z-fest-2020-programo\/\">Weiterlesen <span class=\"meta-nav\">&rarr;<\/span><\/a><\/p>\n","protected":false},"author":8,"featured_media":0,"parent":8539,"menu_order":0,"comment_status":"closed","ping_status":"closed","template":"","meta":{"footnotes":""},"jetpack_shortlink":"https:\/\/wp.me\/Par8jA-2dM","_links":{"self":[{"href":"https:\/\/esperanto.berlin\/de\/wp-json\/wp\/v2\/pages\/8542"}],"collection":[{"href":"https:\/\/esperanto.berlin\/de\/wp-json\/wp\/v2\/pages"}],"about":[{"href":"https:\/\/esperanto.berlin\/de\/wp-json\/wp\/v2\/types\/page"}],"author":[{"embeddable":true,"href":"https:\/\/esperanto.berlin\/de\/wp-json\/wp\/v2\/users\/8"}],"replies":[{"embeddable":true,"href":"https:\/\/esperanto.berlin\/de\/wp-json\/wp\/v2\/comments?post=8542"}],"version-history":[{"count":16,"href":"https:\/\/esperanto.berlin\/de\/wp-json\/wp\/v2\/pages\/8542\/revisions"}],"predecessor-version":[{"id":8666,"href":"https:\/\/esperanto.berlin\/de\/wp-json\/wp\/v2\/pages\/8542\/revisions\/8666"}],"up":[{"embeddable":true,"href":"https:\/\/esperanto.berlin\/de\/wp-json\/wp\/v2\/pages\/8539"}],"wp:attachment":[{"href":"https:\/\/esperanto.berlin\/de\/wp-json\/wp\/v2\/media?parent=8542"}],"curies":[{"name":"wp","href":"https:\/\/api.w.org\/{rel}","templated":true}]}}

<p>Endgültiges Programm</p>
<ul>
<li>Kommt noch&#8230;&#8230;&#8230;&#8230;..</li>
</ul>
<p>Vorschläge</p>
<ul>
<li><a href="https://esperanto.berlin/deutsch-einladung-zur-jahreshauptversammlung-2020-in-berlin/">Jahreshauptversammlung</a> 2020 &#8211; <a href="https://esperanto.berlin/protokoll-jhv-2020/">Protokoll</a></li>
<li>Wahrnehmung von esperanto.berlin</li>
<li>Peter Kühnel in Gresillon</li>
<li>Virtuelle Kongresse im Esperanto-Laden (<a href="https://esperanto.berlin/deutsch-presse-aktuell/presse-2020-virtuell-und-real/">UK</a>, <a href="https://esperanto.berlin/interlingvistiko-senpage-en-poznan/">Interlinguistik Poznan</a>)</li>
<li>Das Buch von Setz mit <a href="https://esperanto.berlin/eroschenko-berlin/">Eroschenko in Berlin</a></li>
<li>Das Buch von Gabriel Berger mit <a href="https://esperanto.berlin/zamenhof-kiel-kuracisto/">Zamenhof als Augenarzt</a></li>
<li>Die Erwähnung des Ex-Berliners <a href="https://esperanto.berlin/new-york-und-virus/">Becker in New York </a></li>
<li>Die biografische Arbeit von Fritz Wollenberg (Vortrag  bei GIL) in Wikipedia</li>
<li>Hans Moser (Gruppe, <a href="https://esperanto.berlin/moser-volapuk/">Hotel Volapük</a>, Adventsfeier)</li>
<li>Lesung von Raymond Schwartz (<a href="https://esperanto.berlin/schwartz-fundamentaj-elementoj/">Fundamentaj elementoj</a>)</li>
<li>Das neue Buch von Prof. Feierstein</li>
<li>Neuerscheinungen 2020 auf dem Esperanto-Buchmarkt</li>
<li>Dramatische Entwicklungen bei UEA</li>
<li>Gary über SAT (Aktivität, Kongress)</li>
<li>Lichtblick 2020</li>
<li>Plenbusxe 2020</li>
<li>Lu? EsperantoLand?</li>
<li>Zamenhof-Frühstück ?</li>
</ul>
<p>Flops</p>
<ul>
<li>Anfängerkurs <a href="https://esperanto.berlin/kurs-vh-ffo2019/">VHS Frankfurt Oder</a></li>
<li>Expolingua 2020</li>
<li>GIL Tagung 2020</li>
<li>Arkones</li>
</ul>
<p>&nbsp;</p>
<p>&nbsp;</p>

<p>Endgültiges Programm Kommt noch&#8230;&#8230;&#8230;&#8230;.. Vorschläge Jahreshauptversammlung 2020 &#8211; Protokoll Wahrnehmung von esperanto.berlin Peter Kühnel in Gresillon Virtuelle Kongresse im Esperanto-Laden (UK, Interlinguistik Poznan) Das Buch von Setz mit Eroschenko in Berlin Das Buch von Gabriel Berger mit Zamenhof als Augenarzt &hellip; <a href="https://esperanto.berlin/de/z-festo-2020/z-fest-2020-programo/">Weiterlesen <span class="meta-nav">&rarr;</span></a></p>
