{"id":9886,"date":"2023-11-13T22:27:58","date_gmt":"2023-11-13T21:27:58","guid":{"rendered":"https:\/\/esperanto.berlin\/?page_id=9886"},"modified":"2023-11-13T22:27:58","modified_gmt":"2023-11-13T21:27:58","slug":"interna-ideo-difino","status":"publish","type":"page","link":"https:\/\/esperanto.berlin\/de\/interna-ideo-difino\/","title":{"rendered":"Interna Ideo"},"content":{"rendered":"<p><\/p>\n<article>\n<header>\n<div id=\"icenter\" class=\"pbc\">\n<h2 id=\"esperantist\" class=\"cdb font-18\">Esperantist<\/h2>\n<\/div>\n<\/header>\n<div class=\"post\">\n<div>\n<div id=\"mw-content-text\" class=\"mw-body-content mw-content-ltr\" dir=\"ltr\">\n<div class=\"mw-parser-output\">\n<section id=\"mf-section-0\" class=\"mf-section-0\"><b>Esperantist<\/b> bezeichnet einerseits \u201eeinen Kenner des <a title=\"Esperanto\" href=\"https:\/\/www.wikidata.de-de.nina.az\/Esperanto.html\">Esperanto<\/a>\u201c, aber auch einen \u201eAnh\u00e4nger des Esperanto\u201c.<\/section>\n<\/div>\n<h2 id=\"geschichte-und-definition\" class=\"section-heading\"><span id=\"Geschichte_und_Definition\" class=\"mw-headline\">Geschichte und Definition<\/span><\/h2>\n<section id=\"mf-section-1\" class=\"mf-section-1 collapsible-block\">Schon sehr bald nach der Ver\u00f6ffentlichung der Plansprache Esperanto durch <a title=\"Ludwik Lejzer Zamenhof\" href=\"https:\/\/www.wikidata.de-de.nina.az\/Ludwik_Lejzer_Zamenhof.html\">Ludwik Lejzer Zamenhof<\/a> im Jahr 1887 fingen ihre Anh\u00e4nger an, sich <i>Esperantisten<\/i> zu nennen. So hie\u00df die erste, ab 1889 erscheinende Esperanto-Zeitschrift <i>La Esperantisto<\/i> (deutsch <i>Der Esperantist<\/i>). In einer auf dem 1.\u00a0(<b>Esperanto-Weltkongress<\/b>) 1905 in <a title=\"Boulogne-sur-Mer\" href=\"https:\/\/www.wikidata.de-de.nina.az\/Boulogne-sur-Mer.html\">Boulogne-sur-Mer<\/a> beschlossenen \u201eErkl\u00e4rung \u00fcber das Wesen des Esperantismus\u201c (\u201eDeklaracio pri la Esenco de la Esperantismo\u201c) wird das Wort im f\u00fcnften Absatz wie folgt definiert:<\/p>\n<div class=\"Vorlage_Zitat\">\n<div>\n<blockquote><p>\u201eEsperantist wird jeder Mensch genannt, der die Sprache Esperanto beherrscht und anwendet, ganz gleich f\u00fcr welche Zwecke er sie anwendet. Die Zugeh\u00f6rigkeit zu irgendeiner aktiven Gesellschaft von Esperantisten ist jedem Esperantisten zu empfehlen, aber nicht verpflichtend.\u201c<\/p><\/blockquote>\n<\/div>\n<\/div>\n<p>Die Endung <a title=\"-ismus\" href=\"https:\/\/www.wikidata.de-de.nina.az\/-ismus.html\">-ist<\/a> l\u00e4sst vermuten, es handele sich um einen Anh\u00e4nger einer bestimmten Ideologie, einer bestimmten kultur- oder sprachpolitischen Bestrebung. In diesem Fall nimmt \u201eEsperantist\u201c Bezug auf den \u201eEsperantismus\u201c, der im Titel der Erkl\u00e4rung von Boulogne (1905) auftaucht und im ersten Absatz definiert wird:<\/p>\n<div class=\"Vorlage_Zitat\">\n<div>\n<blockquote><p>\u201eDer Esperantismus ist das Bem\u00fchen, auf der ganzen Welt die Verwendung einer neutralen menschlichen Sprache zu verbreiten, die, \u201aohne sich in das innere Leben der V\u00f6lker hineinzudr\u00e4ngen und in keiner Weise mit dem Ziel, die bestehenden nationalen Sprache herauszudr\u00e4ngen\u2018, den Menschen verschiedener Nationen die M\u00f6glichkeit g\u00e4be, sich untereinander zu verst\u00e4ndigen.\u201c<\/p><\/blockquote>\n<\/div>\n<\/div>\n<p>Daher ist der alternative Begriff \u201eEsperanto-Sprecher\u201c <i>(Esperanto-parolanto)<\/i> aufgekommen, der diese Konnotation vermeidet und mit dem ausdr\u00fccklich lediglich die Zugeh\u00f6rigkeit zur (<b>Esperanto-Sprachgemeinschaft<\/b>) bezeichnet wird. Die Bezeichnung <i>Esperantismus<\/i> ist heute un\u00fcblich; man spricht eher von der (<b>Esperanto-Bewegung<\/b>).<\/p>\n<\/section>\n<h2 id=\"\u201einterna-ideo\u201c-innere-idee\" class=\"section-heading\"><span id=\".E2.80.9EInterna_ideo.E2.80.9C_.28innere_Idee.29\"><\/span><span id=\"\u201eInterna_ideo\u201c_(innere_Idee)\" class=\"mw-headline\">\u201eInterna ideo\u201c (innere Idee)<\/span><\/h2>\n<section id=\"mf-section-2\" class=\"mf-section-2 collapsible-block\">Der Sprachgr\u00fcnder Zamenhof hat mit Esperanto auch eine \u201einnere Idee\u201c (interna ideo) verbunden. Dazu sagte er auf dem 8.\u00a0Esperanto-Weltkongress 1912 in <a title=\"Krakau\" href=\"https:\/\/www.wikidata.de-de.nina.az\/Krakau.html\">Krakau<\/a>:<\/p>\n<div class=\"Vorlage_Zitat\">\n<div>\n<blockquote><p>\u201eDie innere Idee von Esperanto \u2013\u00a0die f\u00fcr den einzelnen Esperantisten in keiner Weise verpflichtend ist, die aber, wie Sie wissen, auf Esperanto-Kongressen herrscht und immer herrschen muss\u00a0\u2013 ist: auf neutraler sprachlicher Basis die Mauern zwischen den V\u00f6lkern niederzurei\u00dfen und die Menschen daran zu gew\u00f6hnen, dass jeder von ihnen seinen N\u00e4chsten als Menschen und Bruder ansehen m\u00f6ge.\u201c<\/p><\/blockquote>\n<\/div>\n<\/div>\n<p>Die geschichtliche Entwicklung der <i>interna ideo<\/i> hat Alessandra Madella dargestellt.<\/p>\n<\/section>\n<h2 id=\"weblinks-bearbeiten-\" class=\"section-heading\"><span id=\"Weblinks\" class=\"mw-headline\">Weblinks<\/span> Bearbeiten )<\/h2>\n<section id=\"mf-section-3\" class=\"mf-section-3 collapsible-block\">\n<div class=\"sisterproject\"><b>Wiktionary: Esperantist<\/b>\u00a0\u2013 Bedeutungserkl\u00e4rungen, Wortherkunft, Synonyme, \u00dcbersetzungen<\/div>\n<ul>\n<li><a class=\"external text\" href=\"https:\/\/www.wikidata.de-de.nina.az\/Esperantist.html\" rel=\"nofollow\">Esperanto-Weltbund UEA<\/a> \u2013 gr\u00f6\u00dfter Weltdachverband der Esperanto-Sprecher<\/li>\n<\/ul>\n<\/section>\n<h2 id=\"einzelnachweise-bearbeiten-\" class=\"section-heading\"><span id=\"Einzelnachweise\" class=\"mw-headline\">Einzelnachweise<\/span> Bearbeiten )<\/h2>\n<section id=\"mf-section-4\" class=\"mf-section-4 collapsible-block\">\n<ol class=\"references\">\n<li id=\"cite_note-Duden-1\"><span class=\"reference-text\"> <cite>Das Fremdw\u00f6rterbuch<\/cite> (=\u00a0<cite>Duden<\/cite>. Band\u00a05). 10., aktualisierte Auflage. Dudenverlag, Mannheim u.\u00a0a. 2010, (<b>ISBN 978-3-411-04060-5<\/b>), S.\u00a0308\u00a0f. \u201eJemand, der sich wissenschaftlich mit Esperanto befasst, hei\u00dft im Unterschied dazu \u201a(<b>Esperantologe<\/b>)\u2018.\u201c<\/span><\/li>\n<li id=\"cite_note-2\"><span class=\"reference-text\"><a class=\"external text\" href=\"https:\/\/www.wikidata.de-de.nina.az\/Esperantist.html\" rel=\"nofollow\">Esperantist.<\/a> Duden; zuletzt eingesehen am 12. Febr. 2019<\/span><\/li>\n<li id=\"cite_note-3\"><span class=\"reference-text\">\u201eEsperantisto estas nomata \u0109iu persono, kiu scias kaj uzas la lingvon Esperanto tute egale por kiaj celoj li \u011din uzas. Apartenado al ia aktiva societo Esperantista por \u0109iu Esperantisto estas rekomendinda, sed ne deviga.\u201c <i>Bulonja \u201eDeklaracio pri la Esenco de la Esperantismo\u201c<\/i>, Absatz Nr.\u00a05, auf <a title=\"Wikisource\" href=\"https:\/\/www.wikidata.de-de.nina.az\/Wikisource.html\">Wikisource<\/a><\/span><\/li>\n<li id=\"cite_note-4\"><span class=\"reference-text\">\u201eLa Esperantismo estas penado disvastigi en la tuta mondo la uzadon de lingvo ne\u016dtrale homa, kiu \u201ane entrudante sin en la internan vivon de la popoloj kaj neniom celante elpu\u015di la ekzistantajn lingvojn naciajn\u2018, donus al la homoj de malsamaj nacioj la eblon kompreni\u011dadi inter si\u201c. Erkl\u00e4rung von Boulogne, 1905, Absatz Nr. 1, (Wikisource).<\/span><\/li>\n<li id=\"cite_note-5\"><span class=\"reference-text\">\u201eLa interna ideo de Esperanto, kiu havas absolute nenian devigon por \u0109iu esperantisto aparta, sed kiu, kiel vi scias, plene regas kaj \u0109iam devas regi en la esperantaj kongresoj, estas: sur ne\u016dtrala lingva fundamento forigi la murojn inter la gentoj kaj alkutimigadi la homojn, ke \u0109iu el ili vidu en sia proksimulo nur homon kaj fraton.\u201c <a class=\"external text\" href=\"http:\/\/www.steloj.de\/esperanto\/paroloj\/kongr8a.html\" rel=\"nofollow\">Parolado anta\u016d la Oka Kongreso Esperantista en Krakow en la 11a de a\u016dgusto 1912<\/a><\/span><\/li>\n<li id=\"cite_note-6\"><span class=\"reference-text\">Alessandra Madella: <i>\u2018The Light Cloak of the Saint:\u2019 The Changing Rhetorical Situations of Esperanto\u2019s \u201cInternal Idea\u201d and its Relevance to Contemporary Problems.<\/i> Poroi 14, Iss. 2 (2019): Article 4. <a title=\"Digital Object Identifier\" href=\"https:\/\/www.wikidata.de-de.nina.az\/Digital_Object_Identifier.html\">doi<\/a>:<span class=\"uri-handle\"><a class=\"external text\" href=\"https:\/\/www.wikidata.de-de.nina.az\/Esperantist.html\" rel=\"nofollow\">10.13008\/2151-2957.1278<\/a><\/span><\/span><\/li>\n<\/ol>\n<div id=\"normdaten\" class=\"catlinks normdaten-typ-s\">Normdaten\u00a0(Sachbegriff): <a title=\"Gemeinsame Normdatei\" href=\"https:\/\/www.wikidata.de-de.nina.az\/Gemeinsame_Normdatei.html\">GND<\/a>: <span class=\"plainlinks-print\"><a class=\"external text\" href=\"https:\/\/www.wikidata.de-de.nina.az\/Esperantist.html\" rel=\"nofollow\">7848462-5<\/a><\/span> <span class=\"noprint\">(<a class=\"external text\" href=\"https:\/\/www.wikidata.de-de.nina.az\/Esperantist.html\" rel=\"nofollow\">lobid<\/a>, <a class=\"external text\" href=\"https:\/\/www.wikidata.de-de.nina.az\/Esperantist.html\" rel=\"nofollow\">OGND<\/a><span class=\"metadata\">, <a class=\"external text\" href=\"https:\/\/www.wikidata.de-de.nina.az\/Esperantist.html\" rel=\"nofollow\">AKS<\/a><\/span>)<\/span><\/div>\n<\/section>\n<\/div>\n<\/div>\n<p>wikipedia, wiki, deutsches, deutschland, buch, b\u00fccher, bibliothek artikel lesen, herunterladen kostenlos kostenloser herunterladen, MP3, Video, MP4, 3GP, JPG, JPEG, GIF, PNG, Bild, Musik, Lied, Film, Buch, Spiel, Spiele<\/p>\n<\/div>\n<\/article>\n<p><\/p>","protected":false},"excerpt":{"rendered":"<p>Esperantist Esperantist bezeichnet einerseits \u201eeinen Kenner des Esperanto\u201c, aber auch einen \u201eAnh\u00e4nger des Esperanto\u201c. Geschichte und Definition Schon sehr bald nach der Ver\u00f6ffentlichung der Plansprache Esperanto durch Ludwik Lejzer Zamenhof im Jahr 1887 fingen ihre Anh\u00e4nger an, sich Esperantisten zu &hellip; <a href=\"https:\/\/esperanto.berlin\/de\/interna-ideo-difino\/\">Weiterlesen <span class=\"meta-nav\">&rarr;<\/span><\/a><\/p>\n","protected":false},"author":8,"featured_media":0,"parent":0,"menu_order":0,"comment_status":"closed","ping_status":"closed","template":"","meta":{"footnotes":""},"jetpack_shortlink":"https:\/\/wp.me\/Par8jA-2zs","_links":{"self":[{"href":"https:\/\/esperanto.berlin\/de\/wp-json\/wp\/v2\/pages\/9886"}],"collection":[{"href":"https:\/\/esperanto.berlin\/de\/wp-json\/wp\/v2\/pages"}],"about":[{"href":"https:\/\/esperanto.berlin\/de\/wp-json\/wp\/v2\/types\/page"}],"author":[{"embeddable":true,"href":"https:\/\/esperanto.berlin\/de\/wp-json\/wp\/v2\/users\/8"}],"replies":[{"embeddable":true,"href":"https:\/\/esperanto.berlin\/de\/wp-json\/wp\/v2\/comments?post=9886"}],"version-history":[{"count":2,"href":"https:\/\/esperanto.berlin\/de\/wp-json\/wp\/v2\/pages\/9886\/revisions"}],"predecessor-version":[{"id":9889,"href":"https:\/\/esperanto.berlin\/de\/wp-json\/wp\/v2\/pages\/9886\/revisions\/9889"}],"wp:attachment":[{"href":"https:\/\/esperanto.berlin\/de\/wp-json\/wp\/v2\/media?parent=9886"}],"curies":[{"name":"wp","href":"https:\/\/api.w.org\/{rel}","templated":true}]}}

<p></p>
<article>
<header>
<div id="icenter" class="pbc">
<h2 id="esperantist" class="cdb font-18">Esperantist</h2>
</div>
</header>
<div class="post">
<div>
<div id="mw-content-text" class="mw-body-content mw-content-ltr" dir="ltr">
<div class="mw-parser-output">
<section id="mf-section-0" class="mf-section-0"><b>Esperantist</b> bezeichnet einerseits „einen Kenner des <a title="Esperanto" href="https://www.wikidata.de-de.nina.az/Esperanto.html">Esperanto</a>“, aber auch einen „Anhänger des Esperanto“.</section>
</div>
<h2 id="geschichte-und-definition" class="section-heading"><span id="Geschichte_und_Definition" class="mw-headline">Geschichte und Definition</span></h2>
<section id="mf-section-1" class="mf-section-1 collapsible-block">Schon sehr bald nach der Veröffentlichung der Plansprache Esperanto durch <a title="Ludwik Lejzer Zamenhof" href="https://www.wikidata.de-de.nina.az/Ludwik_Lejzer_Zamenhof.html">Ludwik Lejzer Zamenhof</a> im Jahr 1887 fingen ihre Anhänger an, sich <i>Esperantisten</i> zu nennen. So hieß die erste, ab 1889 erscheinende Esperanto-Zeitschrift <i>La Esperantisto</i> (deutsch <i>Der Esperantist</i>). In einer auf dem 1. (<b>Esperanto-Weltkongress</b>) 1905 in <a title="Boulogne-sur-Mer" href="https://www.wikidata.de-de.nina.az/Boulogne-sur-Mer.html">Boulogne-sur-Mer</a> beschlossenen „Erklärung über das Wesen des Esperantismus“ („Deklaracio pri la Esenco de la Esperantismo“) wird das Wort im fünften Absatz wie folgt definiert:</p>
<div class="Vorlage_Zitat">
<div>
<blockquote><p>„Esperantist wird jeder Mensch genannt, der die Sprache Esperanto beherrscht und anwendet, ganz gleich für welche Zwecke er sie anwendet. Die Zugehörigkeit zu irgendeiner aktiven Gesellschaft von Esperantisten ist jedem Esperantisten zu empfehlen, aber nicht verpflichtend.“</p></blockquote>
</div>
</div>
<p>Die Endung <a title="-ismus" href="https://www.wikidata.de-de.nina.az/-ismus.html">-ist</a> lässt vermuten, es handele sich um einen Anhänger einer bestimmten Ideologie, einer bestimmten kultur- oder sprachpolitischen Bestrebung. In diesem Fall nimmt „Esperantist“ Bezug auf den „Esperantismus“, der im Titel der Erklärung von Boulogne (1905) auftaucht und im ersten Absatz definiert wird:</p>
<div class="Vorlage_Zitat">
<div>
<blockquote><p>„Der Esperantismus ist das Bemühen, auf der ganzen Welt die Verwendung einer neutralen menschlichen Sprache zu verbreiten, die, ‚ohne sich in das innere Leben der Völker hineinzudrängen und in keiner Weise mit dem Ziel, die bestehenden nationalen Sprache herauszudrängen‘, den Menschen verschiedener Nationen die Möglichkeit gäbe, sich untereinander zu verständigen.“</p></blockquote>
</div>
</div>
<p>Daher ist der alternative Begriff „Esperanto-Sprecher“ <i>(Esperanto-parolanto)</i> aufgekommen, der diese Konnotation vermeidet und mit dem ausdrücklich lediglich die Zugehörigkeit zur (<b>Esperanto-Sprachgemeinschaft</b>) bezeichnet wird. Die Bezeichnung <i>Esperantismus</i> ist heute unüblich; man spricht eher von der (<b>Esperanto-Bewegung</b>).</p>
</section>
<h2 id="„interna-ideo“-innere-idee" class="section-heading"><span id=".E2.80.9EInterna_ideo.E2.80.9C_.28innere_Idee.29"></span><span id="„Interna_ideo“_(innere_Idee)" class="mw-headline">„Interna ideo“ (innere Idee)</span></h2>
<section id="mf-section-2" class="mf-section-2 collapsible-block">Der Sprachgründer Zamenhof hat mit Esperanto auch eine „innere Idee“ (interna ideo) verbunden. Dazu sagte er auf dem 8. Esperanto-Weltkongress 1912 in <a title="Krakau" href="https://www.wikidata.de-de.nina.az/Krakau.html">Krakau</a>:</p>
<div class="Vorlage_Zitat">
<div>
<blockquote><p>„Die innere Idee von Esperanto – die für den einzelnen Esperantisten in keiner Weise verpflichtend ist, die aber, wie Sie wissen, auf Esperanto-Kongressen herrscht und immer herrschen muss – ist: auf neutraler sprachlicher Basis die Mauern zwischen den Völkern niederzureißen und die Menschen daran zu gewöhnen, dass jeder von ihnen seinen Nächsten als Menschen und Bruder ansehen möge.“</p></blockquote>
</div>
</div>
<p>Die geschichtliche Entwicklung der <i>interna ideo</i> hat Alessandra Madella dargestellt.</p>
</section>
<h2 id="weblinks-bearbeiten-" class="section-heading"><span id="Weblinks" class="mw-headline">Weblinks</span> Bearbeiten )</h2>
<section id="mf-section-3" class="mf-section-3 collapsible-block">
<div class="sisterproject"><b>Wiktionary: Esperantist</b> – Bedeutungserklärungen, Wortherkunft, Synonyme, Übersetzungen</div>
<ul>
<li><a class="external text" href="https://www.wikidata.de-de.nina.az/Esperantist.html" rel="nofollow">Esperanto-Weltbund UEA</a> – größter Weltdachverband der Esperanto-Sprecher</li>
</ul>
</section>
<h2 id="einzelnachweise-bearbeiten-" class="section-heading"><span id="Einzelnachweise" class="mw-headline">Einzelnachweise</span> Bearbeiten )</h2>
<section id="mf-section-4" class="mf-section-4 collapsible-block">
<ol class="references">
<li id="cite_note-Duden-1"><span class="reference-text"> <cite>Das Fremdwörterbuch</cite> (= <cite>Duden</cite>. Band 5). 10., aktualisierte Auflage. Dudenverlag, Mannheim u. a. 2010, (<b>ISBN 978-3-411-04060-5</b>), S. 308 f. „Jemand, der sich wissenschaftlich mit Esperanto befasst, heißt im Unterschied dazu ‚(<b>Esperantologe</b>)‘.“</span></li>
<li id="cite_note-2"><span class="reference-text"><a class="external text" href="https://www.wikidata.de-de.nina.az/Esperantist.html" rel="nofollow">Esperantist.</a> Duden; zuletzt eingesehen am 12. Febr. 2019</span></li>
<li id="cite_note-3"><span class="reference-text">„Esperantisto estas nomata ĉiu persono, kiu scias kaj uzas la lingvon Esperanto tute egale por kiaj celoj li ĝin uzas. Apartenado al ia aktiva societo Esperantista por ĉiu Esperantisto estas rekomendinda, sed ne deviga.“ <i>Bulonja „Deklaracio pri la Esenco de la Esperantismo“</i>, Absatz Nr. 5, auf <a title="Wikisource" href="https://www.wikidata.de-de.nina.az/Wikisource.html">Wikisource</a></span></li>
<li id="cite_note-4"><span class="reference-text">„La Esperantismo estas penado disvastigi en la tuta mondo la uzadon de lingvo neŭtrale homa, kiu ‚ne entrudante sin en la internan vivon de la popoloj kaj neniom celante elpuŝi la ekzistantajn lingvojn naciajn‘, donus al la homoj de malsamaj nacioj la eblon kompreniĝadi inter si“. Erklärung von Boulogne, 1905, Absatz Nr. 1, (Wikisource).</span></li>
<li id="cite_note-5"><span class="reference-text">„La interna ideo de Esperanto, kiu havas absolute nenian devigon por ĉiu esperantisto aparta, sed kiu, kiel vi scias, plene regas kaj ĉiam devas regi en la esperantaj kongresoj, estas: sur neŭtrala lingva fundamento forigi la murojn inter la gentoj kaj alkutimigadi la homojn, ke ĉiu el ili vidu en sia proksimulo nur homon kaj fraton.“ <a class="external text" href="http://www.steloj.de/esperanto/paroloj/kongr8a.html" rel="nofollow">Parolado antaŭ la Oka Kongreso Esperantista en Krakow en la 11a de aŭgusto 1912</a></span></li>
<li id="cite_note-6"><span class="reference-text">Alessandra Madella: <i>‘The Light Cloak of the Saint:’ The Changing Rhetorical Situations of Esperanto’s “Internal Idea” and its Relevance to Contemporary Problems.</i> Poroi 14, Iss. 2 (2019): Article 4. <a title="Digital Object Identifier" href="https://www.wikidata.de-de.nina.az/Digital_Object_Identifier.html">doi</a>:<span class="uri-handle"><a class="external text" href="https://www.wikidata.de-de.nina.az/Esperantist.html" rel="nofollow">10.13008/2151-2957.1278</a></span></span></li>
</ol>
<div id="normdaten" class="catlinks normdaten-typ-s">Normdaten (Sachbegriff): <a title="Gemeinsame Normdatei" href="https://www.wikidata.de-de.nina.az/Gemeinsame_Normdatei.html">GND</a>: <span class="plainlinks-print"><a class="external text" href="https://www.wikidata.de-de.nina.az/Esperantist.html" rel="nofollow">7848462-5</a></span> <span class="noprint">(<a class="external text" href="https://www.wikidata.de-de.nina.az/Esperantist.html" rel="nofollow">lobid</a>, <a class="external text" href="https://www.wikidata.de-de.nina.az/Esperantist.html" rel="nofollow">OGND</a><span class="metadata">, <a class="external text" href="https://www.wikidata.de-de.nina.az/Esperantist.html" rel="nofollow">AKS</a></span>)</span></div>
</section>
</div>
</div>
<p>wikipedia, wiki, deutsches, deutschland, buch, bücher, bibliothek artikel lesen, herunterladen kostenlos kostenloser herunterladen, MP3, Video, MP4, 3GP, JPG, JPEG, GIF, PNG, Bild, Musik, Lied, Film, Buch, Spiel, Spiele</p>
</div>
</article>
<p></p>

<p>Esperantist Esperantist bezeichnet einerseits „einen Kenner des Esperanto“, aber auch einen „Anhänger des Esperanto“. Geschichte und Definition Schon sehr bald nach der Veröffentlichung der Plansprache Esperanto durch Ludwik Lejzer Zamenhof im Jahr 1887 fingen ihre Anhänger an, sich Esperantisten zu &hellip; <a href="https://esperanto.berlin/de/interna-ideo-difino/">Weiterlesen <span class="meta-nav">&rarr;</span></a></p>
